of 1430 and 4744025?
715
Calculate the greatest common factor of 11916 and 144.
36
Calculate the highest common divisor of 132133 and 9232.
577
Calculate the highest common factor of 79296 and 48.
48
What is the highest common factor of 8656 and 256?
16
What is the highest common factor of 2145 and 17325?
165
Calculate the greatest common divisor of 22 and 217514.
22
Calculate the highest common factor of 14868 and 11592.
252
Calculate the greatest common factor of 3309174 and 14256.
1782
Calculate the greatest common factor of 343 and 40201.
7
What is the highest common divisor of 2890 and 136?
34
Calculate the highest common divisor of 70690 and 70.
10
Calculate the greatest common factor of 82843 and 1110.
37
What is the highest common divisor of 45 and 90495?
45
What is the greatest common factor of 45 and 33849?
9
What is the greatest common factor of 526683 and 13827?
1257
What is the highest common factor of 61934 and 358?
358
Calculate the greatest common divisor of 263778 and 30.
6
Calculate the greatest common factor of 75 and 314075.
25
Calculate the highest common divisor of 38824 and 920.
184
Calculate the highest common divisor of 6500 and 1500.
500
Calculate the greatest common divisor of 95 and 10000.
5
What is the highest common factor of 22243 and 354?
59
What is the highest common divisor of 129 and 8930154?
129
What is the greatest common divisor of 40 and 429560?
40
Calculate the highest common divisor of 55194 and 84.
6
What is the highest common factor of 60 and 4794180?
60
What is the greatest common divisor of 2210 and 1530?
170
Calculate the highest common divisor of 92218 and 294.
98
Calculate the highest common divisor of 45 and 31540.
5
What is the greatest common divisor of 9 and 167292?
9
What is the greatest common factor of 112073 and 703?
37
What is the greatest common factor of 2401 and 259?
7
Calculate the greatest common divisor of 3830890 and 28.
14
Calculate the highest common divisor of 46 and 366850.
46
What is the greatest common factor of 1098 and 33489?
549
What is the highest common divisor of 598 and 2714?
46
What is the greatest common divisor of 2042334 and 54?
54
Calculate the highest common factor of 1176 and 78.
6
Calculate the highest common divisor of 9546 and 1032.
258
What is the highest common divisor of 202 and 2796?
2
What is the greatest common divisor of 6674 and 5076?
94
Calculate the highest common divisor of 126 and 15092.
14
Calculate the greatest common divisor of 1835 and 2885.
5
What is the greatest common divisor of 24414 and 1482?
78
Calculate the greatest common divisor of 1119519 and 106.
53
What is the highest common factor of 94384 and 368?
16
Calculate the highest common divisor of 1664344 and 88.
88
What is the greatest common factor of 1694 and 161?
7
Calculate the highest common divisor of 1301783 and 434.
217
What is the greatest common factor of 1108961 and 221?
17
What is the greatest common factor of 3705 and 1372275?
285
What is the greatest common divisor of 11211 and 66054?
303
Calculate the greatest common divisor of 10 and 19935.
5
What is the greatest common factor of 160 and 36000?
160
Calculate the highest common factor of 6056 and 136.
8
Calculate the greatest common divisor of 1155197 and 149.
149
What is the highest common divisor of 2116 and 29601?
23
What is the greatest common factor of 24849 and 8019?
99
What is the greatest common divisor of 31747 and 5247?
53
What is the greatest common factor of 36153 and 137917?
1339
What is the highest common divisor of 1781 and 1651?
13
What is the greatest common factor of 56 and 5776?
8
Calculate the greatest common factor of 117 and 34632.
117
Calculate the greatest common divisor of 2826630 and 810.
270
Calculate the greatest common divisor of 448476 and 6954.
114
What is the highest common factor of 176 and 223728?
16
Calculate the greatest common divisor of 47079 and 27.
9
Calculate the greatest common divisor of 41615 and 861.
287
What is the highest common divisor of 1626077 and 874?
437
Calculate the highest common divisor of 32 and 1271696.
16
Calculate the greatest common divisor of 43097 and 10319.
607
Calculate the greatest common factor of 23800 and 1428.
476
Calculate the highest common factor of 88608 and 10437.
213
What is the highest common divisor of 39585 and 812?
203
What is the highest common divisor of 24 and 1482?
6
Calculate the highest common divisor of 1952 and 2224.
16
What is the greatest common divisor of 5268226 and 8095?
1619
What is the greatest common factor of 80 and 127720?
40
Calculate the highest common divisor of 10048 and 885166.
314
Calculate the greatest common divisor of 24182 and 565.
113
Calculate the greatest common factor of 2577315 and 2340.
195
Calculate the highest common divisor of 10 and 40490.
10
What is the highest common divisor of 6768 and 1020?
12
Calculate the greatest common divisor of 561 and 384285.
561
What is the greatest common factor of 400129 and 17?
17
What is the highest common divisor of 3 and 2461?
1
What is the greatest common divisor of 21 and 49350?
21
Calculate the highest common factor of 3788 and 292.
4
What is the highest common factor of 257481 and 3339?
63
What is the greatest common factor of 359980 and 10660?
820
Calculate the highest common divisor of 32589 and 2448.
153
What is the highest common divisor of 564302 and 566?
566
Calculate the greatest common divisor of 5496 and 197398.
458
Calculate the highest common factor of 10999594 and 38.
38
Calculate the greatest common factor of 136 and 26537.
17
What is the highest common divisor of 2184 and 6888?
168
Calculate the greatest common factor of 3591 and 311619.
399
What is the greatest common divisor of 125496 and 1890?
378
Calculate the highest common divisor of 10741 and 34558.
467
Calculate the greatest common divisor of 186 and 20367.
93
What is the highest common divisor of 173190 and 4830?
690
What is the greatest common divisor of 13600 and 128?
32
What is the greatest common divisor of 13136 and 13296?
16
Calculate the greatest common factor of 1667220 and 3700.
740
Calculate the highest common divisor of 28 and 3575257.
7
Calculate the highest common divisor of 506 and 351854.
46
Calculate the highest common divisor of 672570 and 318.
318
Calculate the highest common divisor of 215 and 50905.
5
Calculate the greatest common divisor of 101118 and 6.
6
Calculate the greatest common factor of 1230 and 48.
6
Calculate the highest common factor of 91 and 22828.
13
What is the highest common factor of 24784 and 206?
2
What is the highest common factor of 4815 and 2782?
107
What is the highest common divisor of 204 and 1218?
6
What is the highest common divisor of 1048 and 280?
8
Calculate the highest common divisor of 4413 and 33.
3
Calculate the highest common divisor of 3942 and 1458.
54
What is the greatest common factor of 19 and 20805?
19
What is the greatest common factor of 1 and 6599?
1
Calculate the greatest common divisor of 201 and 994481.
67
What is the highest common factor of 369373 and 1363?
1363
Calculate the highest common factor of 730662 and 141.
141
What is the greatest common divisor of 8364 and 3587?
17
What is the highest common divisor of 333521 and 2167?
197
What is the greatest common factor of 649946 and 3410?
682
What is the greatest common divisor of 3564 and 18810?
198
What is the greatest common divisor of 19 and 5070?
1
Calculate the greatest common factor of 3340988 and 84.
28
What is the greatest common factor of 186 and 572694?
186
Calculate the highest common factor of 2992 and 11424.
272
Calculate the highest common factor of 430227 and 1827.
63
Calculate the greatest common divisor of 3745 and 1373345.
535
What is the highest common divisor of 29110 and 3010?
10
What is the greatest common factor of 13 and 45383?
13
Calculate the greatest common factor of 200 and 51040.
40
Calculate the greatest common factor of 17854 and 6.
2
What is the highest common factor of 826704 and 216?
72
What is the highest common divisor of 506 and 907488?
46
Calculate the highest common divisor of 108 and 265104.
36
What is the highest common divisor of 50 and 41060?
10
What is the greatest common factor of 25338 and 1442?
206
Calculate the greatest c